{"id":576,"date":"2021-10-07T16:38:10","date_gmt":"2021-10-07T14:38:10","guid":{"rendered":"https:\/\/www.olympiabasketcomiso.it\/?page_id=576"},"modified":"2025-07-22T09:21:42","modified_gmt":"2025-07-22T07:21:42","slug":"minibasket-olympia-basket-comiso","status":"publish","type":"page","link":"https:\/\/olympiabasketcomiso.it\/wp2021\/minibasket-olympia-basket-comiso\/","title":{"rendered":"Minibasket Olympia Basket Comiso"},"content":{"rendered":"\n<p><\/p>\n\n\n\n<h2 class=\"wp-block-heading\">\ud835\udddf\u2019\ud835\udde2\ud835\udddf\ud835\uddec\ud835\udde0\ud835\udde3\ud835\udddc\ud835\uddd4 \ud835\uddd5\ud835\uddd4\ud835\udde6\ud835\uddde\ud835\uddd8\ud835\udde7 \ud835\uddd6\ud835\udde2\ud835\udde0\ud835\udddc\ud835\udde6\ud835\udde2: APERTE LE ISCRIZIONI PER LA NUOVA STAGIONE &nbsp;<\/h2>\n\n\n\n<p><strong>Il Minibasket Olympia per i Bambini dai 4 Anni in Su! <\/strong><\/p>\n\n\n\n<p>Dopo una fantastica stagione come quella appena conclusa, siamo entusiasti di annunciare che sono nuovamente aperte le iscrizioni per la prossima stagione.<\/p>\n\n\n\n<p>Questa iniziativa \u00e8 stata progettata per introdurre i pi\u00f9 piccoli al mondo del basket in un ambiente divertente e stimolante, garantendo una formazione di alta qualit\u00e0 con istruttori qualificati FIP. Ti accompagneremo in tutto il settore giovanile fino all\u2019Under 19 e poi al grande sogno della Prima Squadra<\/p>\n\n\n\n<p><strong>Istruttori Qualificati<\/strong><\/p>\n\n\n\n<p>Il nostro team di istruttori \u00e8 composto da professionisti esperti che assicurano un insegnamento efficace e sicuro:<\/p>\n\n\n\n<ul class=\"wp-block-list\">\n<li><strong>Alfio Occhipinti<\/strong><\/li>\n\n\n\n<li><strong>Davide Ceccato<\/strong><\/li>\n\n\n\n<li><strong>Massimiliano Farruggio<\/strong><\/li>\n\n\n\n<li><strong>Alessandro D&#8217;Iapico<\/strong><\/li>\n\n\n\n<li><strong>Giancarlo Di Stefano<\/strong><\/li>\n\n\n\n<li><strong>Nicola Tribunale<\/strong><\/li>\n\n\n\n<li><strong>Giovanni Mandar\u00e0<\/strong><\/li>\n\n\n\n<li><strong>Marco Giampiccolo<\/strong><\/li>\n\n\n\n<li><strong>Giuliano Cacciaguerra<\/strong><\/li>\n\n\n\n<li><strong>Martina Rosano<\/strong><\/li>\n\n\n\n<li><strong>Maria Ruggeri<\/strong><\/li>\n\n\n\n<li><strong>Marco Distefano<\/strong><\/li>\n<\/ul>\n\n\n\n<p><strong>&nbsp;<\/strong><strong>Perch\u00e9 Scegliere il Minibasket Olympia?<\/strong><\/p>\n\n\n\n<ol start=\"1\" class=\"wp-block-list\">\n<li><strong>Formazione Professionale:<\/strong> Istruttori con certificazioni FIP e anni di esperienza.<\/li>\n\n\n\n<li><strong>Ambiente Sicuro e Divertente:<\/strong> Attivit\u00e0 progettate per coinvolgere e divertire i bambini.<\/li>\n\n\n\n<li><strong>Sviluppo delle Abilit\u00e0:<\/strong> Miglioramento delle abilit\u00e0 motorie, coordinazione e lavoro di squadra.<\/li>\n<\/ol>\n\n\n\n<p><strong>Iscrizioni Aperte<\/strong><\/p>\n\n\n\n<p>Le iscrizioni sono ora aperte! Non perdere l&#8217;opportunit\u00e0 di far parte di questa entusiasmante avventura sportiva. Per ulteriori informazioni e per iscrivere il tuo bambino, visita il nostro sito web o contattaci direttamente.<\/p>\n\n\n\n<p>PER MAGGIORI INFORMAZIONI CHIAMA I NUMERI<\/p>\n\n\n\n<p>0932.721096 &#8211; 333.8978075 &#8211;&nbsp; 392.1416937 &#8211; 347.2605387<\/p>\n\n\n\n<p><strong>INFOLINE WHATSAPP: 338.3242518<\/strong><\/p>\n\n\n\n<p><a href=\"https:\/\/olympiabasketcomiso.it\/wp2021\/iscrizioni-minibasket-olympia-basket-comiso\/\"><strong>ISCRIVITI COMPILANDO IL NOSTRO FORM<\/strong><\/a><\/p>\n\n\n\n<p>GIOCANDO CON LO SPORT SI CRESCE.. DIVENTA GRANDE CON NOI<\/p>\n\n\n\n<p>DAL 1985<\/p>\n\n\n\n<p>INSEGNIAMO BASKET <\/p>\n\n\n\n<p>TRASMETTIAMO PASSIONE<\/p>\n\n\n\n<p>#weareolympia<\/p>\n\n\n\n<p><\/p>\n\n\n\n<p><em>PER CHI USERA&#8217; IL FORM QUI DI SEGUITO PER LA PRE-ISCRIZIONE VERRA&#8217; OMAGGIATO NON PAGANDO LA QUOTA D&#8217;ISCRIZIONE E POTRAI AVERE GRATIS ALTRI MESI PORTANDO UN AMICO<\/em><\/p>\n\n\n<div class=\"frm_forms  with_frm_style frm_style_stile-di-formidable\" id=\"frm_form_2_container\" data-token=\"f5b85e0cf069d5579cbe9479344260ce\">\n<form enctype=\"multipart\/form-data\" method=\"post\" class=\"frm-show-form \" id=\"form_iscrizione-minibasket\" data-token=\"f5b85e0cf069d5579cbe9479344260ce\">\n<div class=\"frm_form_fields \">\n<fieldset>\n<legend class=\"frm_screen_reader\">Iscrizioni Minibasket<\/legend>\r\n\r\n<div class=\"frm_fields_container\">\n<input type=\"hidden\" name=\"frm_action\" value=\"create\" \/>\n<input type=\"hidden\" name=\"form_id\" value=\"2\" \/>\n<input type=\"hidden\" name=\"frm_hide_fields_2\" id=\"frm_hide_fields_2\" value=\"\" \/>\n<input type=\"hidden\" name=\"form_key\" value=\"iscrizione-minibasket\" \/>\n<input type=\"hidden\" name=\"item_meta[0]\" value=\"\" \/>\n<input type=\"hidden\" id=\"frm_submit_entry_2\" name=\"frm_submit_entry_2\" value=\"8922473ff2\" \/><input type=\"hidden\" name=\"_wp_http_referer\" value=\"\/wp2021\/wp-json\/wp\/v2\/pages\/576\" \/><div id=\"frm_field_8_container\" class=\"frm_form_field form-field  frm_required_field frm_top_container\">\r\n\t<div  id=\"field_n79a5_label\" class=\"frm_primary_label\">Nome Atleta\r\n\t\t<span class=\"frm_required\" aria-hidden=\"true\">*<\/span>\r\n\t<\/div>\r\n\t<fieldset aria-labelledby=\"field_n79a5_label\">\n\t<legend class=\"frm_screen_reader frm_hidden\">\n\t\tNome Atleta\t<\/legend>\n\n\t<div  class=\"frm_combo_inputs_container\" id=\"frm_combo_inputs_container_8\" data-name-layout=\"first_last\">\n\t\t\t\t\t<div\n\t\t\t\tid=\"frm_field_8-first_container\"\n\t\t\t\tclass=\"frm_form_field form-field frm_form_subfield-first  frm6\"\n\t\t\t\tdata-sub-field-name=\"first\"\n\t\t\t>\n\t\t\t\t<label for=\"field_n79a5_first\" class=\"frm_screen_reader frm_hidden\">\n\t\t\t\t\tNome\t\t\t\t<\/label>\n\n\t\t\t\t<input  type=\"text\" id=\"field_n79a5_first\" value=\"\" name=\"item_meta[8][first]\" autocomplete=\"given-name\" data-reqmsg=\"Nome Atleta non pu\u00f2 essere vuoto.\" aria-required=\"true\" data-invmsg=\"Nome Atleta non \u00e8 valido\" aria-invalid=\"false\"  \/><div class=\"frm_description\" id=\"frm_field_8_first_desc\">Nome<\/div>\t\t\t<\/div>\n\t\t\t\t\t\t<div\n\t\t\t\tid=\"frm_field_8-last_container\"\n\t\t\t\tclass=\"frm_form_field form-field frm_form_subfield-last  frm6\"\n\t\t\t\tdata-sub-field-name=\"last\"\n\t\t\t>\n\t\t\t\t<label for=\"field_n79a5_last\" class=\"frm_screen_reader frm_hidden\">\n\t\t\t\t\tCognome\t\t\t\t<\/label>\n\n\t\t\t\t<input  type=\"text\" id=\"field_n79a5_last\" value=\"\" name=\"item_meta[8][last]\" autocomplete=\"family-name\" data-reqmsg=\"Nome Atleta non pu\u00f2 essere vuoto.\" aria-required=\"true\" data-invmsg=\"Nome Atleta non \u00e8 valido\" aria-invalid=\"false\"  \/><div class=\"frm_description\" id=\"frm_field_8_last_desc\">Cognome<\/div>\t\t\t<\/div>\n\t\t\t\t<\/div>\n<\/fieldset>\n\r\n\t\r\n\t\r\n<\/div>\n<div id=\"frm_field_9_container\" class=\"frm_form_field form-field  frm_required_field frm_top_container\">\r\n\t<label for=\"field_diejj\" id=\"field_diejj_label\" class=\"frm_primary_label\">Codice Fiscale Atleta\r\n\t\t<span class=\"frm_required\" aria-hidden=\"true\">*<\/span>\r\n\t<\/label>\r\n\t<input type=\"text\" id=\"field_diejj\" name=\"item_meta[9]\" value=\"\"  data-reqmsg=\"Codice Fiscale Atleta non pu\u00f2 essere vuoto.\" aria-required=\"true\" data-invmsg=\"Codice Fiscale Atleta non \u00e8 valido\" aria-invalid=\"false\"  \/>\r\n\t\r\n\t\r\n<\/div>\n<div id=\"frm_field_10_container\" class=\"frm_form_field form-field  frm_required_field frm_top_container\">\r\n\t<label for=\"field_42txt\" id=\"field_42txt_label\" class=\"frm_primary_label\">Data di Nascita Atleta\r\n\t\t<span class=\"frm_required\" aria-hidden=\"true\">*<\/span>\r\n\t<\/label>\r\n\t<input type=\"text\" id=\"field_42txt\" name=\"item_meta[10]\" value=\"\"  data-reqmsg=\"Data di Nascita Atleta non pu\u00f2 essere vuoto.\" aria-required=\"true\" data-invmsg=\"Data di Nascita Atleta non \u00e8 valido\" aria-invalid=\"false\"  \/>\r\n\t\r\n\t\r\n<\/div>\n<div id=\"frm_field_11_container\" class=\"frm_form_field form-field  frm_required_field frm_top_container\">\r\n\t<label for=\"field_3xowu\" id=\"field_3xowu_label\" class=\"frm_primary_label\">Luogo di Nascita Atleta\r\n\t\t<span class=\"frm_required\" aria-hidden=\"true\">*<\/span>\r\n\t<\/label>\r\n\t<input type=\"text\" id=\"field_3xowu\" name=\"item_meta[11]\" value=\"\"  data-reqmsg=\"Luogo di Nascita Atleta non pu\u00f2 essere vuoto.\" aria-required=\"true\" data-invmsg=\"Luogo di Nascita Atleta non \u00e8 valido\" aria-invalid=\"false\"  \/>\r\n\t\r\n\t\r\n<\/div>\n<div id=\"frm_field_12_container\" class=\"frm_form_field form-field  frm_required_field frm_top_container\">\r\n\t<label for=\"field_8ohmm\" id=\"field_8ohmm_label\" class=\"frm_primary_label\">Indirizzo di Residenza\r\n\t\t<span class=\"frm_required\" aria-hidden=\"true\">*<\/span>\r\n\t<\/label>\r\n\t<input type=\"text\" id=\"field_8ohmm\" name=\"item_meta[12]\" value=\"\"  data-reqmsg=\"Indirizzo di Residenza non pu\u00f2 essere vuoto.\" aria-required=\"true\" data-invmsg=\"Indirizzo di Residenza non \u00e8 valido\" aria-invalid=\"false\"  \/>\r\n\t\r\n\t\r\n<\/div>\n<div id=\"frm_field_13_container\" class=\"frm_form_field form-field  frm_required_field frm_top_container\">\r\n\t<label for=\"field_y0lj2\" id=\"field_y0lj2_label\" class=\"frm_primary_label\">Citt\u00e0 di Residenza\r\n\t\t<span class=\"frm_required\" aria-hidden=\"true\">*<\/span>\r\n\t<\/label>\r\n\t<input type=\"text\" id=\"field_y0lj2\" name=\"item_meta[13]\" value=\"\"  data-reqmsg=\"Citt\u00e0 di Residenza non pu\u00f2 essere vuoto.\" aria-required=\"true\" data-invmsg=\"Citt\u00e0 di Residenza non \u00e8 valido\" aria-invalid=\"false\"  \/>\r\n\t\r\n\t\r\n<\/div>\n<div id=\"frm_field_14_container\" class=\"frm_form_field form-field  frm_required_field frm_top_container\">\r\n\t<label for=\"field_mf9ci\" id=\"field_mf9ci_label\" class=\"frm_primary_label\">Nome Scuola Frequentata\r\n\t\t<span class=\"frm_required\" aria-hidden=\"true\">*<\/span>\r\n\t<\/label>\r\n\t<input type=\"text\" id=\"field_mf9ci\" name=\"item_meta[14]\" value=\"\"  data-reqmsg=\"Nome Scuola Frequentata non pu\u00f2 essere vuoto.\" aria-required=\"true\" data-invmsg=\"Nome Scuola Frequentata non \u00e8 valido\" aria-invalid=\"false\"  \/>\r\n\t\r\n\t\r\n<\/div>\n<div id=\"frm_field_15_container\" class=\"frm_form_field form-field  frm_required_field frm_top_container\">\r\n\t<label for=\"field_yhcmc\" id=\"field_yhcmc_label\" class=\"frm_primary_label\">Classe\r\n\t\t<span class=\"frm_required\" aria-hidden=\"true\">*<\/span>\r\n\t<\/label>\r\n\t\t\t<select name=\"item_meta[15]\" id=\"field_yhcmc\"  data-reqmsg=\"Classe non pu\u00f2 essere vuoto.\" aria-required=\"true\" data-invmsg=\"Classe non \u00e8 valido\" aria-invalid=\"false\"  >\n\t\t<option  value=\"1a Elementare\">1a Elementare<\/option><option  value=\"2a Elementare\">2a Elementare<\/option><option  value=\"3a Elementare\">3a Elementare<\/option><option  value=\"4a Elementare\">4a Elementare<\/option><option  value=\"5a Elementare\">5a Elementare<\/option><option  value=\"1a Media\">1a Media<\/option><option  value=\"2a Media\">2a Media<\/option><option  value=\"3a Media\">3a Media<\/option>\t<\/select>\n\t\r\n\t\r\n\t\r\n<\/div>\n<div id=\"frm_field_16_container\" class=\"frm_form_field form-field  frm_required_field frm_top_container\">\r\n\t<div  id=\"field_mgf14_label\" class=\"frm_primary_label\">Nominativo Genitore o Tutore Legale\r\n\t\t<span class=\"frm_required\" aria-hidden=\"true\">*<\/span>\r\n\t<\/div>\r\n\t<fieldset aria-labelledby=\"field_mgf14_label\">\n\t<legend class=\"frm_screen_reader frm_hidden\">\n\t\tNominativo Genitore o Tutore Legale\t<\/legend>\n\n\t<div  class=\"frm_combo_inputs_container\" id=\"frm_combo_inputs_container_16\" data-name-layout=\"first_last\">\n\t\t\t\t\t<div\n\t\t\t\tid=\"frm_field_16-first_container\"\n\t\t\t\tclass=\"frm_form_field form-field frm_form_subfield-first  frm6\"\n\t\t\t\tdata-sub-field-name=\"first\"\n\t\t\t>\n\t\t\t\t<label for=\"field_mgf14_first\" class=\"frm_screen_reader frm_hidden\">\n\t\t\t\t\tNome\t\t\t\t<\/label>\n\n\t\t\t\t<input  type=\"text\" id=\"field_mgf14_first\" value=\"\" name=\"item_meta[16][first]\" data-reqmsg=\"Nominativo Genitore o Tutore Legale non pu\u00f2 essere vuoto.\" aria-required=\"true\" data-invmsg=\"Nominativo Genitore o Tutore Legale non \u00e8 valido\" aria-invalid=\"false\"  \/><div class=\"frm_description\" id=\"frm_field_16_first_desc\">Nome<\/div>\t\t\t<\/div>\n\t\t\t\t\t\t<div\n\t\t\t\tid=\"frm_field_16-last_container\"\n\t\t\t\tclass=\"frm_form_field form-field frm_form_subfield-last  frm6\"\n\t\t\t\tdata-sub-field-name=\"last\"\n\t\t\t>\n\t\t\t\t<label for=\"field_mgf14_last\" class=\"frm_screen_reader frm_hidden\">\n\t\t\t\t\tCognome\t\t\t\t<\/label>\n\n\t\t\t\t<input  type=\"text\" id=\"field_mgf14_last\" value=\"\" name=\"item_meta[16][last]\" data-reqmsg=\"Nominativo Genitore o Tutore Legale non pu\u00f2 essere vuoto.\" aria-required=\"true\" data-invmsg=\"Nominativo Genitore o Tutore Legale non \u00e8 valido\" aria-invalid=\"false\"  \/><div class=\"frm_description\" id=\"frm_field_16_last_desc\">Cognome<\/div>\t\t\t<\/div>\n\t\t\t\t<\/div>\n<\/fieldset>\n\r\n\t\r\n\t\r\n<\/div>\n<div id=\"frm_field_17_container\" class=\"frm_form_field form-field  frm_required_field frm_top_container\">\r\n\t<label for=\"field_l0een\" id=\"field_l0een_label\" class=\"frm_primary_label\">Codice fiscale Genitore\r\n\t\t<span class=\"frm_required\" aria-hidden=\"true\">*<\/span>\r\n\t<\/label>\r\n\t<input type=\"text\" id=\"field_l0een\" name=\"item_meta[17]\" value=\"\"  data-reqmsg=\"Codice fiscale Genitore non pu\u00f2 essere vuoto.\" aria-required=\"true\" data-invmsg=\"Codice fiscale Genitore non \u00e8 valido\" aria-invalid=\"false\"  \/>\r\n\t\r\n\t\r\n<\/div>\n<div id=\"frm_field_18_container\" class=\"frm_form_field form-field  frm_required_field frm_top_container\">\r\n\t<label for=\"field_n8i7g\" id=\"field_n8i7g_label\" class=\"frm_primary_label\">Luogo di nascita Genitore\r\n\t\t<span class=\"frm_required\" aria-hidden=\"true\">*<\/span>\r\n\t<\/label>\r\n\t<input type=\"text\" id=\"field_n8i7g\" name=\"item_meta[18]\" value=\"\"  data-reqmsg=\"Luogo di nascita Genitore non pu\u00f2 essere vuoto.\" aria-required=\"true\" data-invmsg=\"Luogo di nascita Genitore non \u00e8 valido\" aria-invalid=\"false\"  \/>\r\n\t\r\n\t\r\n<\/div>\n<div id=\"frm_field_19_container\" class=\"frm_form_field form-field  frm_required_field frm_top_container\">\r\n\t<label for=\"field_h3n5o\" id=\"field_h3n5o_label\" class=\"frm_primary_label\">Data di nascita Genitore\r\n\t\t<span class=\"frm_required\" aria-hidden=\"true\">*<\/span>\r\n\t<\/label>\r\n\t<input type=\"text\" id=\"field_h3n5o\" name=\"item_meta[19]\" value=\"\"  data-reqmsg=\"Data di nascita Genitore non pu\u00f2 essere vuoto.\" aria-required=\"true\" data-invmsg=\"Data di nascita Genitore non \u00e8 valido\" aria-invalid=\"false\"  \/>\r\n\t\r\n\t\r\n<\/div>\n<div id=\"frm_field_20_container\" class=\"frm_form_field form-field  frm_required_field frm_top_container\">\r\n\t<label for=\"field_jxua3\" id=\"field_jxua3_label\" class=\"frm_primary_label\">Telefono\r\n\t\t<span class=\"frm_required\" aria-hidden=\"true\">*<\/span>\r\n\t<\/label>\r\n\t<input type=\"tel\" id=\"field_jxua3\" name=\"item_meta[20]\" value=\"\"  data-reqmsg=\"Telefono non pu\u00f2 essere vuoto.\" aria-required=\"true\" data-invmsg=\"Telefono non \u00e8 valido\" aria-invalid=\"false\" pattern=\"((\\+\\d{1,3}(-|.| )?\\(?\\d\\)?(-| |.)?\\d{1,5})|(\\(?\\d{2,6}\\)?))(-|.| )?(\\d{3,4})(-|.| )?(\\d{4})(( x| ext)\\d{1,5}){0,1}$\"  \/>\r\n\t\r\n\t\r\n<\/div>\n<div id=\"frm_field_21_container\" class=\"frm_form_field form-field  frm_required_field frm_top_container\">\r\n\t<label for=\"field_yldh2\" id=\"field_yldh2_label\" class=\"frm_primary_label\">Email\r\n\t\t<span class=\"frm_required\" aria-hidden=\"true\">*<\/span>\r\n\t<\/label>\r\n\t<input type=\"email\" id=\"field_yldh2\" name=\"item_meta[21]\" value=\"\"  data-reqmsg=\"Email non pu\u00f2 essere vuoto.\" aria-required=\"true\" data-invmsg=\"Email non \u00e8 valido\" aria-invalid=\"false\"  \/>\r\n\t\r\n\t\r\n<\/div>\n<div id=\"frm_field_25_container\" class=\"frm_form_field form-field  frm_top_container\">\n\t<label for=\"field_qvmdt\" id=\"field_qvmdt_label\" class=\"frm_primary_label\">Porta un amico (Scrivi nome e cognome del tuo amico\/a gi\u00e0 iscritto che ti ha portato a scegliere Olympia)\n\t\t<span class=\"frm_required\" aria-hidden=\"true\"><\/span>\n\t<\/label>\n\t<input type=\"text\" id=\"field_qvmdt\" name=\"item_meta[25]\" value=\"\"  data-invmsg=\"Porta un amico (Scrivi nome e cognome del tuo amico\/a gi\u00e0 iscritto che ti ha portato a scegliere Olympia) non \u00e8 valido\" aria-invalid=\"false\"  \/>\n\t\n\t\n<\/div>\n<div id=\"frm_field_22_container\" class=\"frm_form_field form-field  frm_required_field frm_top_container vertical_radio\">\r\n\t<div  id=\"field_h70hs_label\" class=\"frm_primary_label\">Taglia Materiale Sportivo\r\n\t\t<span class=\"frm_required\" aria-hidden=\"true\">*<\/span>\r\n\t<\/div>\r\n\t<div class=\"frm_opt_container\" aria-labelledby=\"field_h70hs_label\" role=\"group\">\t\t<div class=\"frm_checkbox\" id=\"frm_checkbox_22-6\">\t\t\t<label  for=\"field_h70hs-6\">\n\t\t\t<input type=\"checkbox\" name=\"item_meta[22][]\" id=\"field_h70hs-6\" value=\"3-4 Anni\"  data-reqmsg=\"Taglia Materiale Sportivo non pu\u00f2 essere vuoto.\" data-invmsg=\"Taglia Materiale Sportivo non \u00e8 valido\"   aria-required=\"true\"  \/> 3-4 Anni<\/label><\/div>\n\t\t<div class=\"frm_checkbox\" id=\"frm_checkbox_22-7\">\t\t\t<label  for=\"field_h70hs-7\">\n\t\t\t<input type=\"checkbox\" name=\"item_meta[22][]\" id=\"field_h70hs-7\" value=\"5-6 Anni\"  data-reqmsg=\"Taglia Materiale Sportivo non pu\u00f2 essere vuoto.\" data-invmsg=\"Taglia Materiale Sportivo non \u00e8 valido\"   \/> 5-6 Anni<\/label><\/div>\n\t\t<div class=\"frm_checkbox\" id=\"frm_checkbox_22-8\">\t\t\t<label  for=\"field_h70hs-8\">\n\t\t\t<input type=\"checkbox\" name=\"item_meta[22][]\" id=\"field_h70hs-8\" value=\"7-8 Anni\"  data-reqmsg=\"Taglia Materiale Sportivo non pu\u00f2 essere vuoto.\" data-invmsg=\"Taglia Materiale Sportivo non \u00e8 valido\"   \/> 7-8 Anni<\/label><\/div>\n\t\t<div class=\"frm_checkbox\" id=\"frm_checkbox_22-9\">\t\t\t<label  for=\"field_h70hs-9\">\n\t\t\t<input type=\"checkbox\" name=\"item_meta[22][]\" id=\"field_h70hs-9\" value=\"9-11 Anni\"  data-reqmsg=\"Taglia Materiale Sportivo non pu\u00f2 essere vuoto.\" data-invmsg=\"Taglia Materiale Sportivo non \u00e8 valido\"   \/> 9-11 Anni<\/label><\/div>\n\t\t<div class=\"frm_checkbox\" id=\"frm_checkbox_22-10\">\t\t\t<label  for=\"field_h70hs-10\">\n\t\t\t<input type=\"checkbox\" name=\"item_meta[22][]\" id=\"field_h70hs-10\" value=\"12-14 Anni\"  data-reqmsg=\"Taglia Materiale Sportivo non pu\u00f2 essere vuoto.\" data-invmsg=\"Taglia Materiale Sportivo non \u00e8 valido\"   \/> 12-14 Anni<\/label><\/div>\n\t\t<div class=\"frm_checkbox\" id=\"frm_checkbox_22-2\">\t\t\t<label  for=\"field_h70hs-2\">\n\t\t\t<input type=\"checkbox\" name=\"item_meta[22][]\" id=\"field_h70hs-2\" value=\"XS\"  data-reqmsg=\"Taglia Materiale Sportivo non pu\u00f2 essere vuoto.\" data-invmsg=\"Taglia Materiale Sportivo non \u00e8 valido\"   \/> XS<\/label><\/div>\n\t\t<div class=\"frm_checkbox\" id=\"frm_checkbox_22-3\">\t\t\t<label  for=\"field_h70hs-3\">\n\t\t\t<input type=\"checkbox\" name=\"item_meta[22][]\" id=\"field_h70hs-3\" value=\"S\"  data-reqmsg=\"Taglia Materiale Sportivo non pu\u00f2 essere vuoto.\" data-invmsg=\"Taglia Materiale Sportivo non \u00e8 valido\"   \/> S<\/label><\/div>\n\t\t<div class=\"frm_checkbox\" id=\"frm_checkbox_22-4\">\t\t\t<label  for=\"field_h70hs-4\">\n\t\t\t<input type=\"checkbox\" name=\"item_meta[22][]\" id=\"field_h70hs-4\" value=\"M\"  data-reqmsg=\"Taglia Materiale Sportivo non pu\u00f2 essere vuoto.\" data-invmsg=\"Taglia Materiale Sportivo non \u00e8 valido\"   \/> M<\/label><\/div>\n\t\t<div class=\"frm_checkbox\" id=\"frm_checkbox_22-5\">\t\t\t<label  for=\"field_h70hs-5\">\n\t\t\t<input type=\"checkbox\" name=\"item_meta[22][]\" id=\"field_h70hs-5\" value=\"L\"  data-reqmsg=\"Taglia Materiale Sportivo non pu\u00f2 essere vuoto.\" data-invmsg=\"Taglia Materiale Sportivo non \u00e8 valido\"   \/> L<\/label><\/div>\n<\/div>\r\n\t\r\n\t\r\n<\/div>\n<div id=\"frm_field_23_container\" class=\"frm_form_field form-field  frm_required_field frm_top_container\">\r\n\t<label for=\"field_97t2b\" id=\"field_97t2b_label\" class=\"frm_primary_label\">Numero Maglia (in caso di numeri uguali verranno assegnati in base alla data di iscrizione)\r\n\t\t<span class=\"frm_required\" aria-hidden=\"true\">*<\/span>\r\n\t<\/label>\r\n\t<input type=\"text\" id=\"field_97t2b\" name=\"item_meta[23]\" value=\"\"  data-reqmsg=\"Numero Maglia (in caso di numeri uguali verranno assegnati in base alla data di iscrizione) non pu\u00f2 essere vuoto.\" aria-required=\"true\" data-invmsg=\"Numero Maglia (in caso di numeri uguali verranno assegnati in base alla data di iscrizione) non \u00e8 valido\" aria-invalid=\"false\"  \/>\r\n\t\r\n\t\r\n<\/div>\n<div id=\"frm_field_6_container\" class=\"frm_form_field form-field \">\r\n\t<div class=\"frm_submit frm_flex\">\r\n<button class=\"frm_button_submit\" type=\"submit\"  >Invia<\/button>\r\n\r\n\r\n\r\n<\/div>\r\n<\/div>\n\t<input type=\"hidden\" name=\"item_key\" value=\"\" \/>\n\t\t\t<div id=\"frm_field_46_container\">\n\t\t\t<label for=\"field_9c3gq\" >\n\t\t\t\tSe sei un essere umano, lascia questo campo vuoto.\t\t\t<\/label>\n\t\t\t<input  id=\"field_9c3gq\" type=\"text\" class=\"frm_form_field form-field frm_verify\" name=\"item_meta[46]\" value=\"\"  \/>\n\t\t<\/div>\n\t\t<input name=\"frm_state\" type=\"hidden\" value=\"Ex2BTYh8VEFPUaqU6MJs8ITv79sT+AgLhZA0lDp8wos=\" \/><\/div>\n<\/fieldset>\n<\/div>\n\n<\/form>\n<\/div>\n\n\n\n<p><strong><a href=\"https:\/\/olympiabasketcomiso.it\/\">OLYMPIA BASKET COMISO<\/a><\/strong><\/p>\n\n\n\n<figure class=\"wp-block-image size-large\"><img fetchpriority=\"high\" fetchpriority=\"high\" decoding=\"async\" width=\"905\" height=\"1280\" src=\"https:\/\/olympiabasketcomiso.it\/wp2021\/wp-content\/uploads\/2025\/07\/Minibasket-2025-2026-3-905x1280.png\" alt=\"\" class=\"wp-image-4179\"\/><\/figure>\n","protected":false},"excerpt":{"rendered":"<p>\ud835\udddf\u2019\ud835\udde2\ud835\udddf\ud835\uddec\ud835\udde0\ud835\udde3\ud835\udddc\ud835\uddd4 \ud835\uddd5\ud835\uddd4\ud835\udde6\ud835\uddde\ud835\uddd8\ud835\udde7 \ud835\uddd6\ud835\udde2\ud835\udde0\ud835\udddc\ud835\udde6\ud835\udde2: APERTE LE ISCRIZIONI PER LA NUOVA STAGIONE &nbsp; Il Minibasket Olympia per i Bambini dai 4 Anni in Su! Dopo una fantastica stagione come quella appena conclusa, siamo entusiasti di annunciare che sono nuovamente aperte le iscrizioni per la prossima stagione. Questa iniziativa \u00e8 stata progettata per introdurre i pi\u00f9 piccoli al [&hellip;]<\/p>\n","protected":false},"author":3,"featured_media":4179,"parent":0,"menu_order":0,"comment_status":"closed","ping_status":"closed","template":"","meta":{"_et_pb_use_builder":"off","_et_pb_old_content":"","_et_gb_content_width":"1080","_monsterinsights_skip_tracking":false,"_monsterinsights_sitenote_active":false,"_monsterinsights_sitenote_note":"","_monsterinsights_sitenote_category":0,"_uf_show_specific_survey":0,"_uf_disable_surveys":false,"footnotes":""},"class_list":["post-576","page","type-page","status-publish","has-post-thumbnail","hentry"],"_links":{"self":[{"href":"https:\/\/olympiabasketcomiso.it\/wp2021\/wp-json\/wp\/v2\/pages\/576","targetHints":{"allow":["GET"]}}],"collection":[{"href":"https:\/\/olympiabasketcomiso.it\/wp2021\/wp-json\/wp\/v2\/pages"}],"about":[{"href":"https:\/\/olympiabasketcomiso.it\/wp2021\/wp-json\/wp\/v2\/types\/page"}],"author":[{"embeddable":true,"href":"https:\/\/olympiabasketcomiso.it\/wp2021\/wp-json\/wp\/v2\/users\/3"}],"replies":[{"embeddable":true,"href":"https:\/\/olympiabasketcomiso.it\/wp2021\/wp-json\/wp\/v2\/comments?post=576"}],"version-history":[{"count":43,"href":"https:\/\/olympiabasketcomiso.it\/wp2021\/wp-json\/wp\/v2\/pages\/576\/revisions"}],"predecessor-version":[{"id":4183,"href":"https:\/\/olympiabasketcomiso.it\/wp2021\/wp-json\/wp\/v2\/pages\/576\/revisions\/4183"}],"wp:featuredmedia":[{"embeddable":true,"href":"https:\/\/olympiabasketcomiso.it\/wp2021\/wp-json\/wp\/v2\/media\/4179"}],"wp:attachment":[{"href":"https:\/\/olympiabasketcomiso.it\/wp2021\/wp-json\/wp\/v2\/media?parent=576"}],"curies":[{"name":"wp","href":"https:\/\/api.w.org\/{rel}","templated":true}]}}